/(2/(-6))). Is d/(-14) + 2/7 a prime number?
True
Suppose -82 = 11*y - 236. Is y*8046/16 + 445/(-356) a composite number?
False
Suppose -4*i + 5*a = -144200 + 18768, 4*i + 5*a = 125432. Let w = -18325 + i. Is w a composite number?
False
Suppose -2*u - 4*y = -2*y - 14, -4*y = 3*u - 26. Suppose 2*s - 4*g - 29188 = -2*s, -u*g + 7297 = s. Is s a composite number?
False
Is (-35378956)/(-111)*21/28 a composite number?
True
Let o = 78742 - 9051. Is o a prime number?
True
Suppose 20*x = 18*x - 5*j + 450094, -2*x = 2*j - 450082. Is x composite?
False
Suppose 7*z = -2 - 5. Let d be z/(1 - 50/45). Is 1756/6 + d/27 a composite number?
False
Let d(w) = 28807*w - 2628. Is d(13) a prime number?
False
Let v = 783 + -770. Suppose 59949 - 20260 = v*a. Is a a composite number?
True
Is (-1 + 84255/4)*(100/5)/5 a prime number?
False
Suppose 263*v - 19*v = 149228204. Is v composite?
True
Suppose -5*a + 28 = -2*y + 2, -5*a + 17 = y. Is (2*1/y)/(58/(-426039)) prime?
False
Let c(b) = 1275*b - 6. Let z(q) = -6374*q + 31. Let n = -61 + 72. Let l(r) = n*c(r) + 2*z(r). Is l(1) a prime number?
False
Let f = 69 + -67. Suppose -7*b + 8316 + 77 = 0. Suppose 5*u + f*v - b = 2*u, 798 = 2*u + v. Is u a composite number?
False
Is (-21)/((-189)/(-18)) + 318445 prime?
True
Let t(n) = 771*n**2 - 66*n + 229. Is t(-19) prime?
False
Suppose 0 = 3*r - 6*w + w + 19363, w - 5 = 0. Let m be -8 + 16 - (1 + 4). Is r/(-3) - m/(-9) prime?
False
Suppose -5*u = 5*r - 371510, u + 173803 + 197677 = 5*r. Is r prime?
True
Let c(y) = -299*y**3 + y**2 - 18*y - 167. Is c(-9) a prime number?
True
Suppose -27686870 = 234*t - 106668656. Is t prime?
True
Is (-24 - -51962) + 1 + -2 a prime number?
False
Let p(w) = 131*w**2 + 9*w + 55. Let k be 3/(4/(-11 + 3)). Is p(k) composite?
True
Suppose -243819126 - 95978790 = -520*m - 71452436. Is m a composite number?
False
Let i(d) = 8*d - 114. Let h be i(15). Suppose -c + 5*b - 2*b + 5098 = 0, -2*b = h. Is c a prime number?
False
Let l(v) be the first derivative of v**2/2 - 8*v + 6. Let q be l(12). Suppose -3*m = q*d - d - 1878, 5*d + 25 = 0. Is m prime?
True
Let n = -497 - -499. Suppose -3*t + 59272 = -3*s - 26144, -n*t + 56948 = 2*s. Is t prime?
False
Let y be (-4)/6 - 1607/(-3). Let r be ((-6)/33)/(5*(-19)/474430). Let o = r - y. Is o a composite number?
False
Let r(o) = 31*o**2 - 4*o + 2. Let t be (-3)/2 - ((-5)/2 - -1). Suppose -2*m + 3*m - 3 = t. Is r(m) composite?
False
Let j = -773303 + 1352272. Is j a composite number?
True
Suppose -3*a - 3145 = 2*n, 5*a - 2*n = -3*n - 5251. Let i be ((-566)/6 + -1)/((-3)/(-18)). Let s = i - a. Is s prime?
True
Let a(r) = -r**3 - 8*r**2 + 19*r - 8. Let u be a(-10). Suppose 32 = 4*z - u*q, 5*z - 31 = -9*q + 7*q. Suppose 0 = -4*j + z*j - 3678. Is j composite?
True
Let f(x) = 23*x**2 - 7*x - 99. Let v(n) = -65*n**2 + 20*n + 296. Let u(h) = -11*f(h) - 4*v(h). Is u(12) prime?
True
Suppose 5*q + 2*y = -21, -3 = 5*q - 4*y - 0*y. Let b(p) = -174*p**3 - 3*p**2 + 6*p + 14. Is b(q) a prime number?
False
Suppose -2*i + 1547 = -v, 2*i + 16*v - 1517 = 11*v. Suppose 0 = 14*w - i - 11759. Is w a composite number?
True
Suppose -3*x + 4*n - 9181 - 20723 = 0, 19936 = -2*x - 3*n. Is 6 + 0 + -9 - x composite?
True
Let k = 134 + 976. Let a be (6*-2 - -6) + 707. Let s = k - a. Is s prime?
True
Suppose -3*m = -12*q + 10*q + 4, -5*q = 3*m - 31. Let r(n) = 101*n**2 - 2*n + 6. Is r(q) prime?
True
Let r = 1161 + -1165. Let l(j) = j**3 - 4*j**2 + 1. Let h be l(4). Is (h*4/r + 1811)/2 a composite number?
True
Suppose -20*r + 880157 = -15*r + 2*l, -66 = -11*l. Is r prime?
False
Let h = 327 - -724. Suppose -3*y + 1130 + h = 0. Suppose -y = -j + 135. Is j a composite number?
True
Let o = -12384 - -30877. Is o a composite number?
False
Suppose 0 = 5*m + k - 674548, 4*k = 105*m - 104*m - 134897. Is m a composite number?
False
Let j = -275978 - -458719. Is j prime?
False
Suppose 5*d - 53 - 7 = 0. Suppose 0 = 15*s - 9*s + d. Is s + 0 + 1 - (-2444 - -6) a composite number?
False
Let x be -4 - (-75)/(5 - 2). Is (-7)/x + (-26390)/(-15) composite?
False
Let a(j) = -3*j**3 - 3*j**2 + 10*j + 13. Suppose -17*l - 255 = -12*l. Let i = l + 45. Is a(i) prime?
False
Let p(w) = -95*w**3 - 12*w + 24. Is p(-11) composite?
False
Suppose 7*k = 16 + 19. Suppose 0 = k*f + 26 + 124. Is (-4475)/(-9) + f/135 a composite number?
True
Let j(m) = m**2 + 6*m - 30. Let l be j(-13). Let z = l - 60. Is (1345 - z) + (9 - 10) prime?
False
Let n = -511 - -491. Let f(i) = i**3 + 22*i**2 + 26*i + 7. Is f(n) a prime number?
False
Let b(q) = q**2 + 15*q + 44. Let n be b(-11). Suppose c - 4393 - 11844 = n. Is c a composite number?
True
Let d be (-3 - (-6 - 1)) + 3 + -4. Let x be 1/(-2)*(1 - 1). Suppose x*k = -d*k + 2742. Is k prime?
False
Let n(y) be the first derivative of -y**4/4 + 4*y**3/3 - y**2/2 - 3*y - 10. Let j be n(2). Suppose -j*s + 9 = 0, 0 = 3*r + 4*s - 149 - 145. Is r a prime number?
False
Let c(q) = -5 + 8 - 1 + 15 + 75*q. Let d be c(-11). Let z = -267 - d. Is z a composite number?
False
Let p(o) be the first derivative of 209*o**3/3 + 113*o**2/2 - 5*o + 125. Is p(7) prime?
True
Let a(o) = 5975*o**2 - 316*o + 5. Is a(-4) a composite number?
True
Let p = 221790 - 150385. Is p a composite number?
True
Suppose 4*n - 4 = 3*n. Suppose -4900 + 1748 = -n*i. Let m = i + -223. Is m composite?
True
Let z = 40 + -37. Let h be -4*z/(-12) - -2 - -12. Is 996/h + (-15)/(-25) prime?
True
Let z(h) = 18*h - 14. Let p be z(10). Let g(a) = 34 - 37 - p*a - 160*a. Is g(-1) prime?
False
Suppose 0 = 3*t + 3*d - 959640, -5*t = -5*d - 61268 - 1538122. Is t a composite number?
True
Let i(t) = 3*t**3 - 4*t**2 - 3*t + 2. Let j be i(2). Suppose -j*d = 2*d. Suppose d = -6*l + 10*l - 348. Is l a prime number?
False
Let h = -12 - -23. Suppose -h*l + 10*l = -3666. Suppose l = 5*y + y. Is y a composite number?
True
Let k = 233 - 250. Is 4967/((1/6)/(k/(-34))) composite?
True
Let g = 68197 - 19250. Is g a prime number?
True
Let o(n) = -14*n**3 - 6*n**2 - 24*n - 29. Is o(-8) a composite number?
False
Let h = 330 - 322. Is (-3)/(-6)*-9236*(-4)/h a prime number?
True
Let z(w) = 0 - 5*w**2 - 4 - 2*w**2 + 3*w**2. Let h be z(-4). Is (-6494)/h*(0 - -2) a composite number?
False
Let l(d) = -d**2 + 6*d - 2. Let b be l(5). Suppose 5*j - 13100 = -5*q, 3*q - 7842 = -b*j + 6*q. Is j a prime number?
True
Let z(u) = 5*u + 18. Let h(t) = t - 1. Let o(v) = -5*h(v) - z(v). Let n(j) = -j**3 - 13*j**2 - 10*j + 16. Let k be n(-12). Is o(k) composite?
False
Let s(a) = 9*a**2 + 6*a + 9. Let f be s(7). Let b = 0 - 6. Is 3 + b + 0 + f a composite number?
True
Let h(n) = -18*n - 5. Let a(y) = 1. Let x(l) = 6*a(l) + h(l). Let t(q) = q. Let p(i) = -6*t(i) + x(i). Is p(-4) composite?
False
Suppose 0 = 29*q - 3469681 - 426686 - 864476. Is q a composite number?
True
Suppose 15*j - 11*j = 50636. Suppose -4*p - 3*s = 4072 - j, p - 2*s - 2155 = 0. Is p a composite number?
True
Suppose -5*j - 55*j = -13*j - 8847703. Is j prime?
True
Let x(a) = -a**2 + 6*a + 2. Let v be x(6). Let o be 9567 + 0 - (2/v - 2). Suppose 0 = -j - l + o, j = -4*j - l + 47828. Is j a composite number?
True
Let n(t) be the second derivative of 59*t**6/720 - t**5/12 + 13*t**4/12 - 29*t. Let h(u) be the third derivative of n(u). Is h(9) a prime number?
True
Let w(c) = 52*c**3 - 145*c**2 - 3*c - 13. Is w(6) composite?
False
Let i = -27 + 43. Suppose 0 = -i*a + 5*a + 44. Suppose -304 = -y + 5*l + 115, a*y + 4*l = 1628. Is y a composite number?
False
Suppose 0 = -6*v + 2*v - 20. Let k be 7348/(-10) + v/25. Is k/(-20) - (-2)/8 a prime number?
True
Let z be 5/(105/6) - (-228)/(-14). Let o be 0 + -190 + z/40*-5. Let l = o - -481. Is l prime?
True
Is 1081815 + -1 - (-1842)/614 prime?
False
Let t(d) = 3*d**2 + 7*d + 5. Let f be t(13). Let j = -352 + f. Is j prime?
True
Let f(y) = 1269*y + 142. Let z(b) = 1267*b + 143. Let l(a) = 4*f(a) - 5*z(a). Is l(-4) a prime number?
True
Let n(z) = 2*z - 36. Let v be n(21). Let t be v/(1/(-7) + 143/(-273)). Let y(s) = -4*s**3 + 5*s**2 - 6*s - 10. Is y(t) a composite number?
True
Let u be (2 + 2)/1 - 2. Suppose -6*y = 35*y - 246. Suppose -y*v + 2*v + 3*j = -7535, u*j + 2 = 0. Is v prime?
False
Let l be -2*(-4)/8*-13953. Is -3*1*(l/9 + -4) a composite number?
False
Let c = -56003 - -17446. Let b = c + 74312. Is b a prime number?
False
Let l(b) = -1